 a multiple of 21?
True
Does 226 divide 2903?
False
Is 35 a factor of 1033?
False
Is 20940 a multiple of 15?
True
Is 43281 a multiple of 9?
True
Is 82 a factor of 328?
True
Is 5640 a multiple of 24?
True
Is 90 a factor of 13680?
True
Is 59202 a multiple of 11?
True
Is 20953 a multiple of 10?
False
Is 26 a factor of 33066?
False
Is 4847 a multiple of 9?
False
Does 52 divide 6032?
True
Does 16 divide 2448?
True
Does 78 divide 3007?
False
Is 40 a factor of 2120?
True
Is 9328 a multiple of 8?
True
Is 236 a factor of 19124?
False
Is 22 a factor of 33308?
True
Does 15 divide 537?
False
Is 33369 a multiple of 50?
False
Is 12 a factor of 12012?
True
Does 35 divide 210?
True
Is 812 a multiple of 4?
True
Is 390 a multiple of 11?
False
Is 2664 a multiple of 38?
False
Is 3 a factor of 465?
True
Does 16 divide 858?
False
Is 24 a factor of 11134?
False
Is 5115 a multiple of 96?
False
Is 1872 a multiple of 104?
True
Is 420 a multiple of 2?
True
Is 11 a factor of 24013?
True
Is 902 a multiple of 11?
True
Does 11 divide 5555?
True
Does 9 divide 8909?
False
Does 84 divide 11508?
True
Is 42 a factor of 2774?
False
Is 98 a multiple of 18?
False
Does 5 divide 494?
False
Is 12 a factor of 7498?
False
Is 28 a multiple of 28?
True
Is 32490 a multiple of 114?
True
Is 1343 a multiple of 17?
True
Is 21 a factor of 2835?
True
Is 10512 a multiple of 36?
True
Is 75516 a multiple of 116?
True
Does 77 divide 23100?
True
Is 546 a multiple of 13?
True
Does 38 divide 8264?
False
Is 9 a factor of 391?
False
Is 96953 a multiple of 111?
False
Does 4 divide 66?
False
Is 28 a factor of 1478?
False
Is 912 a multiple of 8?
True
Does 13 divide 15071?
False
Is 3756 a multiple of 6?
True
Is 22 a factor of 12074?
False
Does 3 divide 1144?
False
Is 118104 a multiple of 456?
True
Does 9 divide 1017?
True
Does 15 divide 3598?
False
Is 115 a factor of 10955?
False
Does 204 divide 10200?
True
Does 17 divide 4065?
False
Is 4060 a multiple of 35?
True
Is 18 a factor of 6992?
False
Is 2134 a multiple of 22?
True
Is 2 a factor of 553?
False
Is 21 a factor of 2573?
False
Is 1856 a multiple of 116?
True
Is 31824 a multiple of 136?
True
Does 60 divide 96900?
True
Is 25 a factor of 2004?
False
Does 8 divide 432?
True
Does 3 divide 22586?
False
Does 39 divide 7176?
True
Is 196 a factor of 29008?
True
Is 47235 a multiple of 15?
True
Is 17 a factor of 11312?
False
Does 3 divide 89?
False
Does 18 divide 2556?
True
Does 12 divide 493?
False
Is 21 a factor of 11658?
False
Is 37 a factor of 9854?
False
Is 15 a factor of 19290?
True
Does 19 divide 285?
True
Is 93577 a multiple of 11?
True
Is 129 a factor of 15275?
False
Is 1397 a multiple of 11?
True
Is 928 a multiple of 58?
True
Is 3620 a multiple of 3?
False
Does 14 divide 3710?
True
Is 14 a factor of 253?
False
Does 77 divide 1232?
True
Is 36 a factor of 803?
False
Is 9993 a multiple of 18?
False
Is 4440 a multiple of 31?
False
Does 73 divide 292?
True
Is 292 a factor of 36715?
False
Does 13 divide 16322?
False
Is 10608 a multiple of 24?
True
Does 104 divide 26152?
False
Is 304 a multiple of 22?
False
Is 16570 a multiple of 144?
False
Is 19080 a multiple of 60?
True
Does 16 divide 1014?
False
Does 20 divide 3040?
True
Is 3096 a multiple of 6?
True
Is 30 a factor of 162?
False
Is 10718 a multiple of 233?
True
Is 1701 a multiple of 17?
False
Is 627 a multiple of 19?
True
Does 14 divide 38672?
False
Is 127 a factor of 30403?
False
Does 49 divide 331?
False
Is 8 a factor of 290?
False
Is 3646 a multiple of 4?
False
Is 5190 a multiple of 15?
True
Is 2080 a multiple of 65?
True
Is 2 a factor of 142?
True
Does 4 divide 139?
False
Is 7 a factor of 164?
False
Is 2560 a multiple of 8?
True
Does 41 divide 2109?
False
Is 16 a factor of 432?
True
Is 4715 a multiple of 114?
False
Is 20 a factor of 1360?
True
Is 1949 a multiple of 33?
False
Is 4800 a multiple of 9?
False
Is 10 a factor of 80?
True
Does 13 divide 13227?
False
Does 7 divide 135?
False
Does 18 divide 216?
True
Does 121 divide 60845?
False
Is 4 a factor of 151?
False
Is 11 a factor of 1243?
True
Does 20 divide 3068?
False
Is 29 a factor of 260?
False
Is 8531 a multiple of 19?
True
Is 674 a multiple of 29?
False
Is 1136 a multiple of 5?
False
Is 11965 a multiple of 18?
False
Is 11280 a multiple of 16?
True
Does 91 divide 3822?
True
Is 53 a factor of 1007?
True
Does 59 divide 4828?
False
Does 36 divide 2304?
True
Is 686 a multiple of 21?
False
Is 34423 a multiple of 36?
False
Does 27 divide 621?
True
Is 66 a factor of 4395?
False
Does 12 divide 1092?
True
Is 39 a factor of 35251?
False
Is 114 a factor of 8664?
True
Is 8406 a multiple of 29?
False
Does 29 divide 522?
True
Is 656 a multiple of 53?
False
Does 38 divide 782?
False
Is 19365 a multiple of 13?
False
Does 11 divide 423?
False
Is 180 a factor of 2520?
True
Is 37818 a multiple of 18?
True
Is 7440 a multiple of 20?
True
Does 8 divide 648?
True
Is 13 a factor of 6422?
True
Is 75624 a multiple of 27?
False
Does 18 divide 32688?
True
Is 8 a factor of 2392?
True
Does 16 divide 6784?
True
Does 142 divide 8349?
False
Does 33 divide 446?
False
Is 184 a multiple of 23?
True
Is 64 a factor of 5036?
False
Does 12 divide 9792?
True
Is 60781 a multiple of 457?
True
Is 1629 a multiple of 7?
False
Is 6013 a multiple of 40?
False
Is 6554 a multiple of 69?
False
Does 9 divide 14895?
True
Is 1488 a multiple of 3?
True
Is 4280 a multiple of 5?
True
Is 14 a factor of 2590?
True
Does 3 divide 107?
False
Does 11 divide 307?
False
Is 255 a multiple of 22?
False
Does 8 divide 880?
True
Does 16 divide 11648?
True
Does 14 divide 714?
True
Does 78 divide 2641?
False
Is 37 a factor of 918?
False
Does 21 divide 26844?
False
Is 13 a factor of 503?
False
Does 22 divide 20954?
False
Is 16 a factor of 448?
True
Is 278 a multiple of 40?
False
Is 14 a factor of 2478?
True
Is 57 even?
False
Is 12 a factor of 406?
False
Does 79 divide 3002?
True
Is 4209 a multiple of 61?
True
Is 317 a multiple of 4?
False
Is 254 a multiple of 47?
False
Is 2 a factor of 1443?
False
Is 40 a factor of 400?
True
Is 36480 a multiple of 88?
False
Is 801 a multiple of 89?
True
Does 154 divide 62111?
False
Does 2 divide 1305?
False
Is 115 a factor of 20343?
False
Does 14 divide 5236?
True
Is 289 a factor of 28900?
True
Does 23 divide 322?
True
Is 83111 a multiple of 383?
True
Is 40 a factor of 1441?
False
Is 98 a multiple of 37?
False
Is 216 a multiple of 24?
True
Does 20 divide 4360?
True
Does 5 divide 4055?
True
Is 6704 a multiple of 16?
True
Is 10 a factor of 1074?
False
Is 7 a factor of 98?
True
Is 60939 a multiple of 9?
True
Is 97140 a multiple of 12?
True
Is 15 a factor of 65580?
True
Does 170 divide 7748?
False
Is 8 a factor of 2601?
False
Does 8 divide 354?
False
Is 21 a factor of 588?
True
Is 8417 a multiple of 124?
False
Is 2449 a multiple of 31?
True
Is 15 a factor of 7771?
False
Does 20 divide 2040?
True
Is 8345 a multiple of 5?
True
Is 93697 a multiple of 35?
False
Is 365 a factor of 75646?
False
Is 370 a multiple of 5?
True
Is 35 a factor of 4305?
True
Is 13653 a multiple of 41?
True
Does 4 divide 141?
False
Is 18 a factor of 552?
False
Is 140 a multiple of 14?
True
Is 2 a factor of 3262?
True
Is 73 a factor of 12849?
False
Does 3 divide 476?
False
Is 8 a factor of 94?
False
Is 2 a factor of 9037?
False
Does 34 divide 10914?
True
Is 14 a factor of 53550?
True
Is 21 a factor of 83260?
False
Is 2040 a multiple of 9?
False
Is 7650 a multiple of 18?
True
Does 8 divide 332?
False
Is 516 a multiple of 25?
False
Is 160 a multiple of 20?
True
Does 10 divide 428?
False
Is 47 a factor of 1316?
True
Is 8 a factor of 73?
False
Does 30 divide 377?
False
Is 208 a multiple of 10?
False
Does 9 divide 216?
True
Does 11 divide 16901?
False
Is 3189 a multiple of 40?
False
Is 119 even?
False
Is 7 a factor of 4438?
True
Is 19000 a multiple of 10?
True
Does 19 divide 2603?
True
Is 7354 a multiple of 84?
False
Is 257 a factor of 21639?
False
Is 2489 a multiple of 22?
False
Is 49 a factor of 461?
False
Is 80 a factor of 53931?
False
Does 19 divide 3211?
True
Is 117 a multiple of 9?
True
Is 12 a factor of 2724?
True
Is 16 a factor of 5194?
False
Does 7 divide 4204?
False
Does 28 divide 1344?
True
Is 1248 a multiple of 12?
True
Is 86 a factor of 11954?
True
Is 39888 a multiple of 6?
True
Is 4944 a multiple of 3?
True
Is 